{"id":32,"date":"2021-12-02T11:25:26","date_gmt":"2021-12-02T11:25:26","guid":{"rendered":"https:\/\/www.auto-gruber-triptis.de\/?page_id=32"},"modified":"2021-12-02T14:51:38","modified_gmt":"2021-12-02T14:51:38","slug":"ueber-uns","status":"publish","type":"page","link":"https:\/\/www.auto-gruber-triptis.de\/?page_id=32","title":{"rendered":"Firma"},"content":{"rendered":"\n<h1 class=\"alignwide wp-block-heading\"><strong>Auto Gruber<\/strong><br>Die Autowerkstatt in Triptis stellt sich vor<\/h1>\n\n\n\n<figure class=\"wp-block-image size-large\"><img loading=\"lazy\" decoding=\"async\" width=\"1024\" height=\"384\" src=\"https:\/\/www.auto-gruber-triptis.de\/wp-content\/uploads\/2021\/12\/wir-1024x384.jpg\" alt=\"\" class=\"wp-image-153\" srcset=\"https:\/\/www.auto-gruber-triptis.de\/wp-content\/uploads\/2021\/12\/wir-1024x384.jpg 1024w, https:\/\/www.auto-gruber-triptis.de\/wp-content\/uploads\/2021\/12\/wir-300x113.jpg 300w, https:\/\/www.auto-gruber-triptis.de\/wp-content\/uploads\/2021\/12\/wir-768x288.jpg 768w, https:\/\/www.auto-gruber-triptis.de\/wp-content\/uploads\/2021\/12\/wir-1536x576.jpg 1536w, https:\/\/www.auto-gruber-triptis.de\/wp-content\/uploads\/2021\/12\/wir.jpg 1824w\" sizes=\"auto, (max-width: 1024px) 100vw, 1024px\" \/><\/figure>\n\n\n\n<hr class=\"wp-block-separator\"\/>\n\n\n\n<figure class=\"wp-block-image size-full is-resized\"><img loading=\"lazy\" decoding=\"async\" src=\"https:\/\/www.auto-gruber-triptis.de\/wp-content\/uploads\/2021\/12\/1.png\" alt=\"\" class=\"wp-image-54\" width=\"838\" height=\"281\" srcset=\"https:\/\/www.auto-gruber-triptis.de\/wp-content\/uploads\/2021\/12\/1.png 600w, https:\/\/www.auto-gruber-triptis.de\/wp-content\/uploads\/2021\/12\/1-300x101.png 300w\" sizes=\"auto, (max-width: 838px) 100vw, 838px\" \/><\/figure>\n\n\n\n<p>Die Firma&nbsp;<strong>Auto Gruber<\/strong>&nbsp;geh\u00f6rt&nbsp;<strong>seit 2014<\/strong>&nbsp;zu einem der angesehensten&nbsp; Reparaturfachbetriebe und Werkst\u00e4tten f\u00fcr Automobile in der&nbsp;<strong>Region Triptis<\/strong>. Die Firma ist seitdem stetig gewachsen und durch ein geballtes Wissen an Know-How der Mitarbeiter, ein Anlaufpunkt f\u00fcr viele Kunden. Grundbestandteil des Erfolges bilden nat\u00fcrlich die Mitarbeiter, welche auf Ihrem Fachgebiet durch st\u00e4ndige Weiterbildung und Erfahrungsaustausch mit anderen Firmen, Spezialisten in Ihrem Bereich sind.<\/p>\n\n\n\n<figure class=\"wp-block-image size-full is-resized\"><img loading=\"lazy\" decoding=\"async\" src=\"https:\/\/www.auto-gruber-triptis.de\/wp-content\/uploads\/2021\/12\/2.png\" alt=\"\" class=\"wp-image-57\" width=\"840\" height=\"281\" srcset=\"https:\/\/www.auto-gruber-triptis.de\/wp-content\/uploads\/2021\/12\/2.png 600w, https:\/\/www.auto-gruber-triptis.de\/wp-content\/uploads\/2021\/12\/2-300x101.png 300w\" sizes=\"auto, (max-width: 840px) 100vw, 840px\" \/><\/figure>\n\n\n\n<p>Gleichzeitig sind durch kontinuierliche jahrelange Investitionen, Voraussetzungen, sei es in der&nbsp;<strong>Diagnosetechnik, Klimaanlagenwartung, Fahrzeugvermessung<\/strong>&nbsp;oder in vielen anderen Bereichen, wie z.B. Schwei\u00df Technik f\u00fcr Hochfeste Bleche oder ein&nbsp;<strong>Automatikgetriebesp\u00fclger\u00e4t<\/strong>, geschaffen worden, um eine umfassende&nbsp;<strong>fachgerechten<\/strong>&nbsp;und&nbsp;<strong>zielgerichteten<\/strong>&nbsp;Betreuung der Fahrzeuge unserer Kunden zu gew\u00e4hrleisten, mit dem Ziel, dem Kunden ein bestm\u00f6gliches umfassendes Leistungsspektrum zu bieten, immer auch in Hinsicht auf&nbsp;<strong>Kostentransparenz<\/strong>&nbsp;und einer&nbsp;<strong>kundengerechten g\u00fcnstigen Preisgestaltung<\/strong>.<\/p>\n","protected":false},"excerpt":{"rendered":"<p>Auto GruberDie Autowerkstatt in Triptis stellt sich vor Die Firma&nbsp;Auto Gruber&nbsp;geh\u00f6rt&nbsp;seit 2014&nbsp;zu einem der angesehensten&nbsp; Reparaturfachbetriebe und Werkst\u00e4tten f\u00fcr Automobile in der&nbsp;Region Triptis. Die Firma&hellip;<\/p>\n","protected":false},"author":1,"featured_media":0,"parent":0,"menu_order":0,"comment_status":"closed","ping_status":"closed","template":"","meta":{"footnotes":""},"class_list":["post-32","page","type-page","status-publish","hentry"],"_links":{"self":[{"href":"https:\/\/www.auto-gruber-triptis.de\/index.php?rest_route=\/wp\/v2\/pages\/32","targetHints":{"allow":["GET"]}}],"collection":[{"href":"https:\/\/www.auto-gruber-triptis.de\/index.php?rest_route=\/wp\/v2\/pages"}],"about":[{"href":"https:\/\/www.auto-gruber-triptis.de\/index.php?rest_route=\/wp\/v2\/types\/page"}],"author":[{"embeddable":true,"href":"https:\/\/www.auto-gruber-triptis.de\/index.php?rest_route=\/wp\/v2\/users\/1"}],"replies":[{"embeddable":true,"href":"https:\/\/www.auto-gruber-triptis.de\/index.php?rest_route=%2Fwp%2Fv2%2Fcomments&post=32"}],"version-history":[{"count":11,"href":"https:\/\/www.auto-gruber-triptis.de\/index.php?rest_route=\/wp\/v2\/pages\/32\/revisions"}],"predecessor-version":[{"id":157,"href":"https:\/\/www.auto-gruber-triptis.de\/index.php?rest_route=\/wp\/v2\/pages\/32\/revisions\/157"}],"wp:attachment":[{"href":"https:\/\/www.auto-gruber-triptis.de\/index.php?rest_route=%2Fwp%2Fv2%2Fmedia&parent=32"}],"curies":[{"name":"wp","href":"https:\/\/api.w.org\/{rel}","templated":true}]}}